lse
Is 1/((-4)/(-3496)) - -2 - -1 composite?
False
Let r(h) = 2*h**2 + 7*h - 7. Let m(x) be the second derivative of -x**3/6 + x**2/2 - 3*x. Let w be m(7). Is r(w) composite?
False
Let r be 2 + 2 + -1 + 2. Suppose -264 = -r*h - 19. Is h a composite number?
True
Let y be (-5)/(2/(-2)) + 1. Suppose -3*b - 12 = 2*h, 4*h + y = -3*b - 0*h. Is b/(-4)*130/15 composite?
False
Let p = -51 + 34. Let g = p + -26. Let i = g + 78. Is i a prime number?
False
Suppose -3*o - 189 = -3*u - 5634, 5*u = -4*o + 7296. Is o composite?
True
Let z = 9 + -4. Suppose z*j = -5*i + 30, 2*i = -0*i + 5*j + 5. Suppose -i*g - 38 = -203. Is g a prime number?
False
Let p = -1 + 1. Suppose a + 12 - 172 = p. Suppose 4*v = a + 100. Is v composite?
True
Is (-158)/4*-1*2 prime?
True
Suppose 5*f = 5*c + 15, 18 = -c + 3*f + f. Suppose -c*g + 20 = 3*g. Suppose -7*n + 30 = -g*n. Is n composite?
True
Let s(p) = -p**3 + 3*p**2 + 5*p - 5. Let g be s(4). Let b = 9 + g. Suppose 2*d = -b, 0 = -0*a + 2*a + 5*d - 134. Is a a composite number?
True
Suppose 3*s + 5*c = -35, 3*c - 3 = 2*s - 5. Let f = -8 - s. Is (-156)/f*1 - -1 a prime number?
True
Let x(d) = -3 + 8 - 4*d - 2 - 4*d. Is x(-6) a composite number?
True
Is 3*((-1)/3)/(14/(-4102)) a prime number?
True
Let y(c) = 11*c**3 + 37*c**2 - c + 31. Let m(z) = 5*z**3 + 18*z**2 + 15. Let w(b) = 9*m(b) - 4*y(b). Is w(-10) prime?
False
Suppose q + 8 = 3*k - k, -4*k + 28 = -5*q. Suppose b - k*b = -373. Is b composite?
False
Suppose 259 = r - 232. Is r prime?
True
Let w(t) = 74*t**2 - 1. Is w(2) a composite number?
True
Suppose 17 + 18 = r. Is r composite?
True
Let x(t) = -t**3 - 7*t**2 - 2*t + 9. Suppose -3*p = -2*w + 1, -3*w - 37 - 9 = 5*p. Let s be x(w). Suppose -5*d = y - 14, y - s = 4*d - 0*d. Is y a prime number?
True
Suppose 0*w + 2*w + 35 = p, -4*p + w + 147 = 0. Is p a composite number?
False
Let k be 1/(0 - (-2)/(-26)). Let o = 7 + k. Is (o/(-8))/(1/28) a composite number?
True
Suppose 0*y + 3*y - 31 = -4*c, -5*c = y - 14. Suppose 2*i - y = i. Let n = 88 - i. Is n prime?
True
Let n = -6 - -10. Suppose 3*f + 4*u = -u + 78, -12 = n*u. Is f a prime number?
True
Let m = 31 - -11. Suppose 3*l = l - m. Is (-132)/l - (-4)/(-14) a prime number?
False
Suppose 2*q = 4*h + 818, 2*q + 4*h = 7*q - 2027. Is q composite?
True
Suppose 4*u + 0*u - 296 = 0. Is u prime?
False
Suppose -4*y - 4 = -4*f - 0, -y = f - 5. Is (y/2)/(4/508) a prime number?
True
Let q(k) = -3*k - 5. Let i(w) = -2 + 13*w + 6 - 9*w. Let o(x) = 4*i(x) + 3*q(x). Is o(3) a prime number?
False
Suppose 5*m + 5*a - 625 = 0, 17 = 4*m + 5*a - 481. Is m composite?
False
Suppose -6*j - 25 = -7*j. Is j a composite number?
True
Suppose 3*n = 2*r + 201, -r - 3*r = 4*n + 412. Let g = r + 236. Is g composite?
True
Suppose -4*b - 5*k + 32 = -b, 3*b - 24 = 3*k. Let p be (1 - b)*51/6. Let t = p - -127. Is t a prime number?
True
Suppose 2*n = n + 3. Let u(a) = 6*a - 5*a - 3*a + 9*a**2 - n. Is u(-2) prime?
True
Let y be -3*2/(-8)*20. Let x be (-18)/1*(-265)/y. Is (-9)/6*x/(-9) prime?
True
Let u be -3 - -2 - (0 - -6). Let d = u + 11. Suppose -b - 3*a + 19 = -10, 5*b - 50 = d*a. Is b composite?
True
Let c = 0 - -3. Suppose h + 3*h - 3*l - 17 = 0, -3*h + 15 = -c*l. Suppose h = 4*k - 26. Is k a composite number?
False
Suppose -3*z - 5*l + 344 = 0, 2*l = 3*z + 11 - 348. Is z prime?
True
Let y(j) = -10*j**3 - 2*j**2 - 4*j - 1. Let v be 1/((-8)/10 - -1). Suppose p = -5*h + 2, v*p - 4*h + h + 18 = 0. Is y(p) a prime number?
True
Let i(m) = -19*m - 8. Let p be i(-6). Is (-1 + 2)*p*1 composite?
True
Suppose 5*r + 2*f = 1533, -3*f - 680 = -4*r + 551. Is r a composite number?
False
Is -2*((-4388)/8 - 0) composite?
False
Suppose -4*m + 20 = 8. Is m*(-3)/(-5 - -2) prime?
True
Suppose -4 = -z - 2*b + 9, -2*b + 76 = 4*z. Let o = -1 - 13. Let h = z + o. Is h a prime number?
True
Let x(p) = p**3 + 2*p + 841. Is x(0) prime?
False
Suppose 4*r + 7 = 3291. Is r a prime number?
True
Let x(g) = 94*g**3 - 4*g**2 + g + 3. Let y(t) = -187*t**3 + 7*t**2 - 2*t - 5. Let a(z) = -5*x(z) - 3*y(z). Is a(1) composite?
True
Suppose 0 = 5*g - 4*q - 46, 7*q + 16 = 3*q. Suppose -2*u - g = u, f + u = 67. Is f prime?
False
Let x(w) = 27*w - 1. Let r be x(1). Suppose 0*u + u - r = 0. Is u a prime number?
False
Let o(g) be the third derivative of 7*g**4/12 + g**3/6 + 2*g**2. Let v be o(1). Suppose s + l - 56 = -v, -4*s + l + 144 = 0. Is s prime?
True
Is 2 - (-4 - (685 + 4)) a composite number?
True
Suppose 4*b - 2*n - 1923 = 243, 3*b - 2*n = 1625. Is b prime?
True
Let b(n) = 155*n**2 + 3*n - 3. Is b(1) composite?
True
Let o = 0 - -3. Suppose -3*j - 27 = o*u + 18, -2*u + 50 = -2*j. Is (-2 - 9/4)*j composite?
True
Let r = 7 - 5. Let b = 0 + r. Suppose 0 = -b*f + 2*p - 0*p + 38, 3*f - 53 = 4*p. Is f prime?
True
Suppose 148 = 2*m - a, 5*m = 2*m - 2*a + 222. Is m a composite number?
True
Let t(f) = -12*f - 3. Let b be t(-2). Suppose -4 = r + b. Let x = r + 40. Is x prime?
False
Suppose -2*w = -2*l - 3 + 7, 6 = -5*w + 4*l. Suppose -5*x - 4*k + 12 = 0, -x = -w*x - 3*k - 2. Suppose x*v - 48 = -5*m + 115, -3*v = -m + 25. Is m prime?
True
Let p(c) = -c**3 - c**2 + c + 3. Let m be p(0). Suppose 0 = -4*w + 3*g + 12 - m, 0 = 3*g + 9. Suppose -5*t + 4*l = -3*t - 130, w = 3*l - 6. Is t prime?
False
Let i(t) = -21*t**2 + t. Let u be i(-1). Let r be (-10)/4*48/40. Let b = r - u. Is b prime?
True
Suppose -5*y = m - 23, m = 4*y - 6 - 7. Suppose -f = -2*f + 3. Suppose 184 = 5*q + f*v, -111 = -3*q + 2*v - y*v. Is q a composite number?
True
Let v(i) = -3*i**3 + i**2 - i - 1. Let c be v(-1). Let s = 4 - c. Suppose s*a + a = 4*k + 29, a = k + 17. Is a prime?
True
Suppose 3*m + 4*o = 1583, 2*o - 6*o = -3*m + 1543. Is m composite?
False
Let g = -114 + 213. Suppose 0 = -5*a - g + 544. Let f = a - 58. Is f a composite number?
False
Let q(n) = -n**3 - 6*n**2 + 14*n + 5. Is q(-10) a composite number?
True
Suppose 30 + 78 = 3*h. Suppose -b + h = -1. Is b a composite number?
False
Let z = 230 - 61. Let r = 354 - z. Is r a composite number?
True
Suppose 0 = -4*p + 3*p - 4*y - 504, 2400 = -5*p + 4*y. Let n = -339 - p. Is n prime?
False
Let i be -5 - -134 - (-6)/(-2). Suppose 314 = 4*x + i. Is x prime?
True
Let l(y) = -2*y + 6. Let x be l(4). Let w be 4/(-8) - 9/x. Is (-7)/(-3) - w/(-6) a composite number?
False
Is 1118 + ((-4)/(-2))/(-2) a composite number?
False
Let w = 4 + -4. Let x be 33/(-2)*-2 - w. Let p = 14 + x. Is p a composite number?
False
Let z = -1729 + 2448. Is z prime?
True
Let m be (-6)/(-4)*60/(-45). Is 3 - (-1 + -352) - m a composite number?
True
Let p be (2 + -4 - -2)/(-2). Suppose -2*w = 33 - 195. Suppose p = -5*k + w + 34. Is k prime?
True
Let q = -9 + 27. Let l = 3 + q. Is l prime?
False
Let u be 3/((-6)/82)*1. Let x be 48/(-3 - -1) + 2. Let o = x - u. Is o prime?
True
Let o = -25 - -114. Is o prime?
True
Let l(r) = 28*r**2 + 1. Let j be l(2). Suppose m - 107 = -2*s + 4*s, m + 4*s = j. Is m a prime number?
True
Let y be (6/(-4))/((-6)/40). Let i be 34/y - 2/5. Suppose -4*t + i*v + 224 = 0, -2*t - v - 57 = -3*t. Is t a composite number?
False
Let o = -97 - -188. Is o prime?
False
Suppose -4*o + a - 3 = -7*o, 4 = -4*o - 4*a. Suppose 0*i - 158 = -o*i. Is i prime?
True
Let w = 607 + -314. Is w a prime number?
True
Let p(c) = -4*c + 19. Let r be p(4). Let i = -3 - -31. Suppose -r*t - 10 = -i. Is t a prime number?
False
Is ((-26512)/24)/((-4)/6) a prime number?
True
Suppose 5*k + 0*s - s - 275 = 0, 4*k + 3*s = 220. Is k a composite number?
True
Let p = -2 - -3. Let w be (2/p - 2) + 3. Suppose 3*v - 45 = -0*v - 5*t, -18 = -w*v + 4*t. Is v prime?
False
Suppose -16 = -2*j - 2*j. Is (0 - (-2 + j)) + 57 composite?
True
Let q(z) = -z**2 + 4*z - 15. Let t(k) = -2*k**2 + 3*k - 14. Let f(o) = 3*q(o) - 2*t(o). Is f(-9) a prime number?
False
Suppose -k = 3*k - 1900. Suppose 0 = -7*c + 12*c - k. Is c a composite number?
True
Let y = -4 + 4. Suppose 2*j + y*j = 196. Let b = -39 + j. Is b composite?
False
Suppose 4*y - 8 = 2*f, -2*f + 2*y = 7*y - 10. Suppose -5*h = -f*h - 30. Is h a composite number?
True
Suppose 5*z + j = -1756, 4*z - j + 960 = -452. Let o = z + 659. Is o a prime number?
True
Is 4023/39 + 4/(-26) a prime number?
True
Suppose -5286 - 2451 = -3*r. Is r a prime number?
True
Suppose 39*m - 4615 = 34*m. Is m a prime number?
False
Let z(w) = -315*w - 4. Let t be z